{"id":64,"date":"2018-11-22T13:57:22","date_gmt":"2018-11-22T13:57:22","guid":{"rendered":"https:\/\/oficinavirtual.tech\/?page_id=64"},"modified":"2019-01-15T10:30:44","modified_gmt":"2019-01-15T10:30:44","slug":"politica-de-cookies","status":"publish","type":"page","link":"https:\/\/oficinavirtual.tech\/index.php\/politica-de-cookies\/","title":{"rendered":"Pol\u00edtica de cookies"},"content":{"rendered":"<p>[et_pb_section bb_built=&#8221;1&#8243;][et_pb_row][et_pb_column type=&#8221;4_4&#8243;][et_pb_text]<\/p>\n<p>Para ofrecer una mejor experiencia en l\u00ednea con nuestro sitio web, y en el contexto de la normativa vigente en materia de protecci\u00f3n de datos, queremos advertirte de la existencia de cookies en la misma y solicitarte permiso para descargarlas. Si haces click en el bot\u00f3n OK mostrado con anterioridad, es que aceptas las mismas.<\/p>\n<p>Antes de comenzar a informarte sobre ellas m\u00e1s en profundidad, nos gustar\u00eda hacerte saber que, de ninguna manera, las cookies recogen datos personales.<\/p>\n<p>Adem\u00e1s, debes tener en cuenta que, dado el funcionamiento de internet, y los sitios web, no siempre es posible contar con informaci\u00f3n actualizada de las cookies que terceras partes utilizan a trav\u00e9s de nuestro sitio web. Y t\u00fa pensar\u00e1s, \u00bfpor qu\u00e9? Pues la respuesta no es m\u00e1s que porque nuestra web contiene elementos integrados de otras web, por ejemplo, textos, documentos, im\u00e1genes o contenido de video que se almacenan en otra parte, pero que mostramos en nuestra web.<\/p>\n<p>&nbsp;<\/p>\n<h3><strong>Empecemos por el principio, \u00bfqu\u00e9 son las cookies?<\/strong><\/h3>\n<p>Las cookies son archivos de texto diminutos que los sitios web que visita env\u00edan al navegador del usuario y escriben en su disco duro, con informaci\u00f3n sobre lo que hemos hecho durante la sesi\u00f3n en su web, para que la pr\u00f3xima vez que les visitemos recuerden la informaci\u00f3n para facilitar la navegaci\u00f3n y tengamos una mejor experiencia en esa p\u00e1gina (de ah\u00ed lo de mejorar la experiencia ve navegaci\u00f3n para el usuario).<\/p>\n<p>Es importante saber que las cookies tienen todas una fecha de operativa, que va desde el inicio de la sesi\u00f3n hasta una fecha futura espec\u00edfica. Las hay que duran tan solo el per\u00edodo de la sesi\u00f3n, otras diez minutos y, otras, que est\u00e1n operativas varios a\u00f1os (lo m\u00e1s habitual son dos).<\/p>\n<p>Alguna de las funcionalidades de las cookies de esta web (propias) ayudan a recordar, por ejemplo:<\/p>\n<ul>\n<li>El idioma de navegaci\u00f3n<\/li>\n<li>Los ajustes durante tu visita y en posteriores<\/li>\n<li>Tu nombre de usuario y contrase\u00f1a para no tenerlo que poner siempre que inicies sesi\u00f3n<\/li>\n<li>Tus h\u00e1bitos de navegaci\u00f3n y mostrarte anuncios seg\u00fan los mismos<\/li>\n<li>Ah! y te permite visualizar videos<\/li>\n<\/ul>\n<p>Por supuesto, jam\u00e1s compartiremos datos de identificaci\u00f3n a terceros, salvo por requerimiento legal, claro.<\/p>\n<p>&nbsp;<\/p>\n<h3><strong>Clasificaci\u00f3n de las cookies<\/strong><\/h3>\n<p>Existen tres tipos de cookies principalmente seg\u00fan:<\/p>\n<ol>\n<li>Qui\u00e9n sea el que gestione el dominio desde d\u00f3nde se env\u00edan las cookies y ser\u00e1n\n<ol>\n<li>Propias<\/li>\n<li>De terceros<\/li>\n<\/ol>\n<\/li>\n<li>El plazo de tiempo que permanecen almacenadas, podr\u00e1n ser:\n<ol>\n<li>De sesi\u00f3n<\/li>\n<li>Persistentes (que no eternas)<\/li>\n<\/ol>\n<\/li>\n<li>La finalidad para la que se traten los datos obtenidos, se denominan\n<ol>\n<li>T\u00e9cnicas<\/li>\n<li>De personalizaci\u00f3n<\/li>\n<li>Anal\u00edticas<\/li>\n<li>Publicitarias<\/li>\n<li>De publicidad comportamental<\/li>\n<\/ol>\n<\/li>\n<\/ol>\n<p>&nbsp;<\/p>\n<h3><strong>Y ahora, \u00bfqu\u00e9 objetivos tienen y cu\u00e1les utilizamos?<\/strong><\/h3>\n<h5>Los principales objetivos de las cookies de terceros empleadas son permitir:<\/h5>\n<ul>\n<li>La identificaci\u00f3n de navegadores y dispositivos para poder conocer el n\u00famero de visitantes y su tendencia. No se utilizan para identificar personas.<\/li>\n<li>La identificaci\u00f3n de los contenidos m\u00e1s visitados y m\u00e1s atractivos para los usuarios. Nunca para identificar a los usuarios.<\/li>\n<li>Conocer si el usuario es nuevo o repite la visita a la web. Salvo que el usuario se registre en alg\u00fan servicio o contenido de la web, en este caso, la cookie nunca ir\u00e1 asociada a ning\u00fan dato de car\u00e1cter personal que pueda identificarle.<\/li>\n<li>Recordar las preferencias de los usuarios para las herramientas que se encuentran incluidas en la web para no tener que configurar una y otra vez el servicio cada vez que se visita la web.<\/li>\n<li>Saber desde qu\u00e9 pa\u00eds se encuentra el usuario. Como las anteriores, tampoco recoge datos personales y solo se utilizan para ayudar a orientar el contenido a la ubicaci\u00f3n del usuario. Para ense\u00f1arte anuncios de tu pa\u00eds en lugar de los de otro, en pocas palabras.<\/li>\n<\/ul>\n<h5>Las cookies que utilizamos son mayormente cookies anal\u00edticas (las propias ya las detallamos antes):<\/h5>\n<ul>\n<li>Google Analytics que es un servicio de an\u00e1lisis web de Google Inc. (Google), que utiliza cookies para ayudar a analizarla forma en la que se utiliza la web con el fin de ayudar a mejorar la experiencia en nuestros sistemas, pero que no identifican al usuario. Puedes conocer los tipos de cookies que utilizan pinchando <a href=\"https:\/\/policies.google.com\/technologies\/types?hl=es\" target=\"_blank\" rel=\"noopener\"><u>aqu\u00ed<\/u>.<\/a><\/li>\n<li>Active Champaign, LLC, que cuenta con un sistema de rastreo para analizar el uso de los suscriptores y mejorar su experiencia, su pol\u00edtica de privacidad la puedes conocer pinchando <a href=\"https:\/\/www.activecampaign.com\/privacy-policy\/\" target=\"_blank\" rel=\"noopener\"><u>aqu\u00ed<\/u>.<\/a> No siempre est\u00e1n activas.<\/li>\n<li>Linkedin, como resultado de tu configuraci\u00f3n de privacidad en sus servicios.\u00a0Puedes consultar m\u00e1s pinchando <a href=\"https:\/\/www.linkedin.com\/legal\/cookie-policy?trk=hp-cookies\" target=\"_blank\" rel=\"noopener\"><u>aqu\u00ed<\/u>.<\/a><\/li>\n<li>Faceebok, comdepender\u00e1 de tu configuraci\u00f3n de privacidad en sus servicios.\u00a0Si quieres consultar m\u00e1s, pincha <a href=\"https:\/\/www.facebook.com\/policies\/cookies\/\" target=\"_blank\" rel=\"noopener\"><u>aqu\u00ed<\/u>.<\/a><\/li>\n<li>Instagram, como resultado de tu configuraci\u00f3n de privacidad en sus servicios. Puedes consultar m\u00e1s pinchando <a href=\"https:\/\/help.instagram.com\/1896641480634370\" target=\"_blank\" rel=\"noopener\"><u>aqu\u00ed<\/u><\/a>.<\/li>\n<li>Twitter, depender\u00e1 de tu configuraci\u00f3n de privacidad en sus servicios.\u00a0Si quieres consultar m\u00e1s, pincha <a href=\"https:\/\/help.twitter.com\/es\/rules-and-policies\/twitter-cookies\" target=\"_blank\" rel=\"noopener\"><u>aqu\u00ed<\/u><\/a>.<\/li>\n<li>Youtube, como resultado de tu configuraci\u00f3n de privacidad en sus servicios. Puedes consultar m\u00e1s pinchando <a href=\"https:\/\/policies.google.com\/technologies\/cookies?hl=es\" target=\"_blank\" rel=\"noopener\"><u>aqu\u00ed<\/u><\/a>.<\/li>\n<\/ul>\n<h3><strong>Por \u00faltimo, te hablaremos de c\u00f3mo gestionar las cookies<\/strong><\/h3>\n<p>Opci\u00f3n 1.- Bloquear o eliminar las cookies instaladas en su equipo, que depender\u00e1 de la configuraci\u00f3n de las opciones del navegador. Si pinchas sobre el nombre del navegador, te llevar\u00e1 directamente a dicha informaci\u00f3n. Ten en cuenta que, la configuraci\u00f3n de un navegador no se traslada a los dem\u00e1s, por lo que deber\u00e1s hacerlo individualmente.<\/p>\n<p>Hemos incluido los 4 navegadores de uso habitual:<\/p>\n<ul>\n<li><a href=\"https:\/\/support.microsoft.com\/es-es\/help\/278835\/how-to-delete-cookie-files-in-internet-explorer\" target=\"_blank\" rel=\"noopener\"><u>Internet Explorer<\/u><\/a><\/li>\n<li><a href=\"https:\/\/support.google.com\/chrome\/answer\/95647?hl=es-419\" target=\"_blank\" rel=\"noopener\"><u>Google Chrome<\/u><\/a><\/li>\n<li><a href=\"https:\/\/support.mozilla.org\/es\/kb\/habilitar-y-deshabilitar-cookies-sitios-web-rastrear-preferencias?redirectlocale=es&amp;redirectslug=habilitar-y-deshabilitar-cookies-que-los-sitios-we\" target=\"_blank\" rel=\"noopener\"><u>Mozilla Firefox<\/u><\/a><\/li>\n<li><a href=\"https:\/\/support.apple.com\/es-es\/HT201265\" target=\"_blank\" rel=\"noopener\"><u>Apple Safari<\/u><\/a><\/li>\n<\/ul>\n<p>Opci\u00f3n 2.- Aceptar la pol\u00edtica de cookies. En este caso, no se almacenar\u00e1 dato personal alguno, ni ning\u00fan tipo de informaci\u00f3n que pueda llegar a identificarte, salvo que te registres de forma voluntaria (\u00a1faltar\u00eda m\u00e1s!) con el fin de utilizar nuestros servicios y\/o recibir informaci\u00f3n de promociones, contenidos o publicidad.<\/p>\n<p>Si contin\u00faas en nuestra web, nos est\u00e1s indicando tu consentimiento expreso al uso de las cookies de las que te hemos informado y en las condiciones contenidas en la pol\u00edtica de cookies aqu\u00ed contenida.<\/p>\n<p>Muchas gracias por leerlas, has hecho que el trabajo merezca la pena. Confiamos que hayas aprendido algo m\u00e1s de las cookies.<\/p>\n<p>Esta pol\u00edtica est\u00e1 denominada como DP-18-001.0 dentro de nuestra empresa y se han finalizado de redactar el 22 de noviembre de 2018.<\/p>\n<p>[\/et_pb_text][\/et_pb_column][\/et_pb_row][\/et_pb_section]<\/p>\n","protected":false},"excerpt":{"rendered":"<p>[et_pb_section bb_built=&#8221;1&#8243;][et_pb_row][et_pb_column type=&#8221;4_4&#8243;][et_pb_text] Para ofrecer una mejor experiencia en l\u00ednea con nuestro sitio web, y en el contexto de la normativa vigente en materia de protecci\u00f3n de datos, queremos advertirte de la existencia de cookies en la misma y solicitarte permiso para descargarlas. Si haces click en el bot\u00f3n OK mostrado con anterioridad, es que [&hellip;]<\/p>\n","protected":false},"author":1,"featured_media":0,"parent":0,"menu_order":0,"comment_status":"closed","ping_status":"closed","template":"","meta":{"_et_pb_use_builder":"on","_et_pb_old_content":"<p>Para ofrecer una mejor experiencia en l\u00ednea con nuestro sitio web, y en el contexto de la normativa vigente en materia de protecci\u00f3n de datos, queremos advertirte de la existencia de cookies en la misma y solicitarte permiso para descargarlas. Si haces click en el bot\u00f3n OK mostrado con anterioridad, es que aceptas las mismas.<\/p><p>Antes de comenzar a informarte sobre ellas m\u00e1s en profundidad, nos gustar\u00eda hacerte saber que, de ninguna manera, las cookies recogen datos personales.<\/p><p>Adem\u00e1s, debes tener en cuenta que, dado el funcionamiento de internet, y los sitios web, no siempre es posible contar con informaci\u00f3n actualizada de las cookies que terceras partes utilizan a trav\u00e9s de nuestro sitio web. Y t\u00fa pensar\u00e1s, \u00bfpor qu\u00e9? Pues la respuesta no es m\u00e1s que porque nuestra web contiene elementos integrados de otras web, por ejemplo, textos, documentos, im\u00e1genes o contenido de video que se almacenan en otra parte, pero que mostramos en nuestra web.<\/p><p>\u00a0<\/p><h3><strong>Empecemos por el principio, \u00bfqu\u00e9 son las cookies?<\/strong><\/h3><p>Las cookies son archivos de texto diminutos que los sitios web que visita env\u00edan al navegador del usuario y escriben en su disco duro, con informaci\u00f3n sobre lo que hemos hecho durante la sesi\u00f3n en su web, para que la pr\u00f3xima vez que les visitemos recuerden la informaci\u00f3n para facilitar la navegaci\u00f3n y tengamos una mejor experiencia en esa p\u00e1gina (de ah\u00ed lo de mejorar la experiencia ve navegaci\u00f3n para el usuario).<\/p><p>Es importante saber que las cookies tienen todas una fecha de operativa, que va desde el inicio de la sesi\u00f3n hasta una fecha futura espec\u00edfica. Las hay que duran tan solo el per\u00edodo de la sesi\u00f3n, otras diez minutos y, otras, que est\u00e1n operativas varios a\u00f1os (lo m\u00e1s habitual son dos).<\/p><p>Alguna de las funcionalidades de las cookies de esta web (propias) ayudan a recordar, por ejemplo:<\/p><ul><li>El idioma de navegaci\u00f3n<\/li><li>Los ajustes durante tu visita y en posteriores<\/li><li>Tu nombre de usuario y contrase\u00f1a para no tenerlo que poner siempre que inicies sesi\u00f3n<\/li><li>Tus h\u00e1bitos de navegaci\u00f3n y mostrarte anuncios seg\u00fan los mismos<\/li><li>Ah! y te permite visualizar videos<\/li><\/ul><p>Por supuesto, jam\u00e1s compartiremos datos de identificaci\u00f3n a terceros, salvo por requerimiento legal, claro.<\/p><p>\u00a0<\/p><h3><strong>Clasificaci\u00f3n de las cookies<\/strong><\/h3><p>Existen tres tipos de cookies principalmente seg\u00fan:<\/p><ol><li>Qui\u00e9n sea el que gestione el dominio desde d\u00f3nde se env\u00edan las cookies y ser\u00e1n<ol><li>Propias<\/li><li>De terceros<\/li><\/ol><\/li><li>El plazo de tiempo que permanecen almacenadas, podr\u00e1n ser:<ol><li>De sesi\u00f3n<\/li><li>Persistentes (que no eternas)<\/li><\/ol><\/li><li>La finalidad para la que se traten los datos obtenidos, se denominan<ol><li>T\u00e9cnicas<\/li><li>De personalizaci\u00f3n<\/li><li>Anal\u00edticas<\/li><li>Publicitarias<\/li><li>De publicidad comportamental<\/li><\/ol><\/li><\/ol><p>\u00a0<\/p><h3><strong>Y ahora, \u00bfqu\u00e9 objetivos tienen y cu\u00e1les utilizamos?<\/strong><\/h3><h5>Los principales objetivos de las cookies de terceros empleadas son permitir:<\/h5><ul><li>La identificaci\u00f3n de navegadores y dispositivos para poder conocer el n\u00famero de visitantes y su tendencia. No se utilizan para identificar personas.<\/li><li>La identificaci\u00f3n de los contenidos m\u00e1s visitados y m\u00e1s atractivos para los usuarios. Nunca para identificar a los usuarios.<\/li><li>Conocer si el usuario es nuevo o repite la visita a la web. Salvo que el usuario se registre en alg\u00fan servicio o contenido de la web, en este caso, la cookie nunca ir\u00e1 asociada a ning\u00fan dato de car\u00e1cter personal que pueda identificarle.<\/li><li>Recordar las preferencias de los usuarios para las herramientas que se encuentran incluidas en la web para no tener que configurar una y otra vez el servicio cada vez que se visita la web.<\/li><li>Saber desde qu\u00e9 pa\u00eds se encuentra el usuario. Como las anteriores, tampoco recoge datos personales y solo se utilizan para ayudar a orientar el contenido a la ubicaci\u00f3n del usuario. Para ense\u00f1arte anuncios de tu pa\u00eds en lugar de los de otro, en pocas palabras.<\/li><\/ul><h5>Las cookies que utilizamos son mayormente cookies anal\u00edticas (las propias ya las detallamos antes):<\/h5><ul><li>Google Analytics que es un servicio de an\u00e1lisis web de Google Inc. (Google), que utiliza cookies para ayudar a analizarla forma en la que se utiliza la web con el fin de ayudar a mejorar la experiencia en nuestros sistemas, pero que no identifican al usuario. Puedes conocer los tipos de cookies que utilizan pinchando <a href=\"https:\/\/policies.google.com\/technologies\/types?hl=es\" target=\"_blank\" rel=\"noopener\"><u>aqu\u00ed<\/u>.<\/a><\/li><li>Active Champaign, LLC, que cuenta con un sistema de rastreo para analizar el uso de los suscriptores y mejorar su experiencia, su pol\u00edtica de privacidad la puedes conocer pinchando <a href=\"https:\/\/www.activecampaign.com\/privacy-policy\/\" target=\"_blank\" rel=\"noopener\"><u>aqu\u00ed<\/u>.<\/a> No siempre est\u00e1n activas.<\/li><li>Linkedin, como resultado de tu configuraci\u00f3n de privacidad en sus servicios.\u00a0Puedes consultar m\u00e1s pinchando <a href=\"https:\/\/www.linkedin.com\/legal\/cookie-policy?trk=hp-cookies\" target=\"_blank\" rel=\"noopener\"><u>aqu\u00ed<\/u>.<\/a><\/li><li>Faceebok, comdepender\u00e1 de tu configuraci\u00f3n de privacidad en sus servicios.\u00a0Si quieres consultar m\u00e1s, pincha <a href=\"https:\/\/www.facebook.com\/policies\/cookies\/\" target=\"_blank\" rel=\"noopener\"><u>aqu\u00ed<\/u>.<\/a><\/li><li>Instagram, como resultado de tu configuraci\u00f3n de privacidad en sus servicios. Puedes consultar m\u00e1s pinchando <a href=\"https:\/\/help.instagram.com\/1896641480634370\" target=\"_blank\" rel=\"noopener\"><u>aqu\u00ed<\/u><\/a>.<\/li><li>Twitter, depender\u00e1 de tu configuraci\u00f3n de privacidad en sus servicios.\u00a0Si quieres consultar m\u00e1s, pincha <a href=\"https:\/\/help.twitter.com\/es\/rules-and-policies\/twitter-cookies\" target=\"_blank\" rel=\"noopener\"><u>aqu\u00ed<\/u><\/a>.<\/li><li>Youtube, como resultado de tu configuraci\u00f3n de privacidad en sus servicios. Puedes consultar m\u00e1s pinchando <a href=\"https:\/\/policies.google.com\/technologies\/cookies?hl=es\" target=\"_blank\" rel=\"noopener\"><u>aqu\u00ed<\/u><\/a>.<\/li><\/ul><h3><strong>Por \u00faltimo, te hablaremos de c\u00f3mo gestionar las cookies<\/strong><\/h3><p>Opci\u00f3n 1.- Bloquear o eliminar las cookies instaladas en su equipo, que depender\u00e1 de la configuraci\u00f3n de las opciones del navegador. Si pinchas sobre el nombre del navegador, te llevar\u00e1 directamente a dicha informaci\u00f3n. Ten en cuenta que, la configuraci\u00f3n de un navegador no se traslada a los dem\u00e1s, por lo que deber\u00e1s hacerlo individualmente.<\/p><p>Hemos incluido los 4 navegadores de uso habitual:<\/p><ul><li><a href=\"https:\/\/support.microsoft.com\/es-es\/help\/278835\/how-to-delete-cookie-files-in-internet-explorer\" target=\"_blank\" rel=\"noopener\"><u>Internet Explorer<\/u><\/a><\/li><li><a href=\"https:\/\/support.google.com\/chrome\/answer\/95647?hl=es-419\" target=\"_blank\" rel=\"noopener\"><u>Google Chrome<\/u><\/a><\/li><li><a href=\"https:\/\/support.mozilla.org\/es\/kb\/habilitar-y-deshabilitar-cookies-sitios-web-rastrear-preferencias?redirectlocale=es&amp;redirectslug=habilitar-y-deshabilitar-cookies-que-los-sitios-we\" target=\"_blank\" rel=\"noopener\"><u>Mozilla Firefox<\/u><\/a><\/li><li><a href=\"https:\/\/support.apple.com\/es-es\/HT201265\" target=\"_blank\" rel=\"noopener\"><u>Apple Safari<\/u><\/a><\/li><\/ul><p>Opci\u00f3n 2.- Aceptar la pol\u00edtica de cookies. En este caso, no se almacenar\u00e1 dato personal alguno, ni ning\u00fan tipo de informaci\u00f3n que pueda llegar a identificarte, salvo que te registres de forma voluntaria (\u00a1faltar\u00eda m\u00e1s!) con el fin de utilizar nuestros servicios y\/o recibir informaci\u00f3n de promociones, contenidos o publicidad.<\/p><p>Si contin\u00faas en nuestra web, nos est\u00e1s indicando tu consentimiento expreso al uso de las cookies de las que te hemos informado y en las condiciones contenidas en la pol\u00edtica de cookies aqu\u00ed contenida.<\/p><p>Muchas gracias por leerlas, has hecho que el trabajo merezca la pena. Confiamos que hayas aprendido algo m\u00e1s de las cookies.<\/p><p>Esta pol\u00edtica est\u00e1 denominada como DP-18-001.0 dentro de nuestra empresa y se han finalizado de redactar el 22 de noviembre de 2018.<\/p>","footnotes":""},"_links":{"self":[{"href":"https:\/\/oficinavirtual.tech\/index.php\/wp-json\/wp\/v2\/pages\/64"}],"collection":[{"href":"https:\/\/oficinavirtual.tech\/index.php\/wp-json\/wp\/v2\/pages"}],"about":[{"href":"https:\/\/oficinavirtual.tech\/index.php\/wp-json\/wp\/v2\/types\/page"}],"author":[{"embeddable":true,"href":"https:\/\/oficinavirtual.tech\/index.php\/wp-json\/wp\/v2\/users\/1"}],"replies":[{"embeddable":true,"href":"https:\/\/oficinavirtual.tech\/index.php\/wp-json\/wp\/v2\/comments?post=64"}],"version-history":[{"count":0,"href":"https:\/\/oficinavirtual.tech\/index.php\/wp-json\/wp\/v2\/pages\/64\/revisions"}],"wp:attachment":[{"href":"https:\/\/oficinavirtual.tech\/index.php\/wp-json\/wp\/v2\/media?parent=64"}],"curies":[{"name":"wp","href":"https:\/\/api.w.org\/{rel}","templated":true}]}}